(-280)/(-21). Let q = p + -10. Calculate the remainder when 9 is divided by q.
1
Suppose 3*b - b = 78. Let x(g) = -2*g + 4. Let s be x(-3). Calculate the remainder when b is divided by -7*1*s/(-7).
9
Let r be 4*(-5)/(-15)*3. Suppose 0 = -s + r*c + 24, -2*s + 96 = 2*s + 4*c. Suppose 7*q = s + 368. What is the remainder when q is divided by 19?
18
Let q = 16 + -17. What is the remainder when 84 is divided by (267/9 + q)/(4/6)?
41
Let m(a) = 12*a**2 - a + 3. Suppose -35*l + 11195 = 10635. Calculate the remainder when m(3) is divided by l.
12
Let z(d) = -d**2 - 21*d - 20. Calculate the remainder when z(-8) is divided by 44.
40
Suppose -20*m + 16*m = 2*y - 40, 0 = 5*y - 4*m - 72. What is the remainder when y is divided by 12?
4
Suppose 9*h - 14*h + 5 = 0. Let m be h/4 + 10/(-8). Let l(t) = -25*t + 2. What is the remainder when l(m) is divided by 15?
12
Suppose w = -s + 24, 63 = 3*s - 5*w + 15. What is the remainder when 68 is divided by s?
5
Let j = -84 + 82. Calculate the remainder when 102 is divided by -9*j/30 - 204/(-10).
18
Let y = 52 - 37. Suppose -5*k - 126 = -8*k. Calculate the remainder when k is divided by y.
12
Suppose 0 = -4*n + 16 - 0. What is the remainder when 261/15 + 6/10 is divided by ((-20)/25)/(n/(-50))?
8
Let u = 329 + -256. Calculate the remainder when u is divided by 25.
23
Calculate the remainder when 204 is divided by 172/(-301) + (-2007)/(-21).
14
Let g be (-278)/(2*(1 + -2)). Suppose -4*s - 2*f + 570 = -5*f, s + f - g = 0. Suppose -j + s = 2*j. What is the remainder when j is divided by 12?
11
Suppose 5*b - 2*i = -i + 518, -5*b - 5*i = -530. Let w = b + -86. What is the remainder when 88 is divided by w?
16
Let b(t) = 55*t - 315. Calculate the remainder when b(6) is divided by 4.
3
Let i(m) be the second derivative of 2*m**3 - 15*m**2/2 + m. Let a be (18/(-21))/((-7 + 3)/28). What is the remainder when i(a) is divided by 15?
12
Let y(h) = 3*h**2 - 9*h - 100. What is the remainder when 238 is divided by y(-5)?
18
Let u = -2 + 6. Suppose -2*y + u*t + 4 = 0, -5*y + 4*y + 6 = 2*t. Suppose 4*p - 154 = -3*a + 3*p, -55 = -a - y*p. What is the remainder when a is divided by 11?
7
Suppose 0 = 2*c + 5*i - 9, -c - 5*i - 27 = -2*c. Let z = c + -7. Suppose p + 184 = z*p. What is the remainder when p is divided by 24?
22
Let o be (3 - 2)/(2/8). Suppose 3*a + 2*z + z - 27 = 0, -o*z - 18 = -5*a. What is the remainder when 20 is divided by a?
2
Let v(f) = 5*f - 38. Let k be v(7). Calculate the remainder when 32 is divided by (-112)/(-24)*k/(-2).
4
Suppose -i - 2*i = 0. Suppose y + i = 1. Let z(k) = 89*k - 1868. Calculate the remainder when y is divided by z(21).
0
Suppose d = 8*d - 98. What is the remainder when ((-4)/(-5))/(d/910) is divided by 15?
7
Let l be 3/15 - 42/10. Let a(n) = n**2 - n - 4. Calculate the remainder when 43 is divided by a(l).
11
Calculate the remainder when (-447)/(-4) + (-11)/(-44) is divided by 29.
25
Suppose 2*x + 81918 = 43*x. What is the remainder when x is divided by 100?
98
Let h(b) = -b**2 + 13*b + 7. Calculate the remainder when 180 is divided by h(9).
8
Let l(g) = 3*g - 5. Let c be l(-2). Let k(h) = -3*h + 5. Calculate the remainder when 112 is divided by k(c).
36
Let m be ((-8)/10)/(10/(-50)). Suppose -a - 1 = -m. Suppose 0*t + 9 = a*t. Calculate the remainder when 4 is divided by t.
1
Suppose -30*i = -25*i + 20, 4*i = 5*z - 396. What is the remainder when z is divided by 24?
4
Suppose -106*v = -134*v + 476. What is the remainder when 99 is divided by v?
14
Suppose -2*b + 46 = -0*b. Let h(o) = o**3 - 57*o**2 + 167*o - 254. Calculate the remainder when b is divided by h(54).
7
Suppose 0 = 5*j + 4*i - 72, -j + 16*i + 6 = 21*i. Let f(w) = -w**2 - 11*w + 5. Let g be f(-8). What is the remainder when (-3 - -2)*g/(-1) is divided by j?
13
Suppose -12*j - 160 = -20*j. What is the remainder when j is divided by 6?
2
Let t(j) be the first derivative of 9*j**2 - 58*j - 18. What is the remainder when t(15) is divided by 43?
40
Let p(d) = 144*d + 9. Let r be p(-1). Let y = -54 - r. What is the remainder when y is divided by 28?
25
Suppose 0 = -35*o + 38*o - 81. Calculate the remainder when 282 is divided by 1533/o + (-4)/(-18).
54
Suppose -3*o = -0*o + 15, 3*v - 3*o - 234 = 0. What is the remainder when v is divided by ((-242)/(-20) + -12)*190?
16
Let c be -1*(-8)/(-2) - -7. Suppose 0 = -3*l - 6, 3*g + c*l + 38 + 1 = 0. Let i(u) = -u + 3. What is the remainder when 40 is divided by i(g)?
12
Let v(r) = 6*r**3 - 8*r**2 - 3. Let b(h) = -5*h**3 + 7*h**2 + h + 2. Let k(c) = 5*b(c) + 4*v(c). What is the remainder when 23 is divided by k(3)?
10
Let i = 3 + 12. Let a(j) = j**3 - 15*j**2 + 3. Let g be a(i). What is the remainder when 47 is divided by (-2 + g)*1 - -24?
22
Suppose -338 + 347 = r. Suppose -5*x - y + 135 = -2*y, 0 = -3*x + 2*y + 88. Calculate the remainder when x is divided by r.
8
Let r(a) = a**2 - 5*a + 54. Calculate the remainder when r(9) is divided by 37.
16
Let d be 0 + 3 - (-20 - -18). Suppose 1 = -t + d*g, 3*g - 16 = -4*t + 72. What is the remainder when 49 is divided by t?
11
Let o(m) = -2*m**2 - 49*m + 14. Calculate the remainder when 173 is divided by o(-24).
21
Let u(x) = -5*x + 3. Suppose -5*l + 2*l = -y - 3, 0 = -4*y + 5*l - 12. Let z = 1 - -9. Calculate the remainder when u(y) is divided by z.
8
Suppose 15*w = 268 + 2 + 240. Let p = -9 - -18. What is the remainder when w is divided by p?
7
Suppose 2*j - 7 + 1 = 0. Suppose 0 = j*t - 7*t + 8. Suppose t*k - 41 = k. What is the remainder when k is divided by 7?
6
Suppose 51*p - 88*p = -2960. Calculate the remainder when 147 is divided by p.
67
Suppose 2*d + 3*y = 13, -2*d - 5*y + 11 = -8. Let x(g) = 13 - 17*g - 4*g**2 - 12*g**d - g**3 + 7. What is the remainder when x(-15) is divided by 13?
11
Let i be ((-16)/(-2))/(11/((-1155)/(-14))). Let b = -56 + i. Calculate the remainder when 18 is divided by b.
2
Suppose -2*x = 9*z - 13*z - 8, 4*x - 25 = 5*z. What is the remainder when 378 is divided by x?
8
What is the remainder when 23/(115/(-280))*(-2)/2 is divided by 32?
24
Let z be 426/14 - (-51)/(-119). What is the remainder when (-484)/(-10) + (-12)/z is divided by 25?
23
Let s = 405 + -354. Calculate the remainder when 611 is divided by s.
50
Let h = 0 + 5. Let p = h + -3. Suppose -7 = -2*w + 7*w - 4*a, -4*w = 4*a - 16. What is the remainder when p is divided by w?
0
Suppose 9118*r + 1276 = 9129*r. What is the remainder when r is divided by 29?
0
Let o = 1254 - 940. Calculate the remainder when o is divided by 82.
68
Suppose -4*m + 2*z = 5*z, 0 = -3*m - 4*z. Let y(n) = 2*n + 9. What is the remainder when 15 is divided by y(m)?
6
Suppose 0 = -o - 6 - 3. Let m = -40 - 4. Let l = o - m. Calculate the remainder when l is divided by 18.
17
Suppose 3*y = -m + 8*y + 16, y = -2*m - 12. Let w = m + 7. What is the remainder when 33 is divided by w + (-12)/(-2 + -1)?
5
Suppose v + 90 = 2*t, -4*v + 208 - 51 = 3*t. What is the remainder when t is divided by (0 + -2 - -25) + 2?
22
Let l(d) = -d**3 + 6*d**2 + 3*d + 6. Let s = 14 + -9. Calculate the remainder when l(s) is divided by -3*1/1*(1 + -5).
10
Let o be (-38)/(-2) + 10 + -9. Let l be (-5)/(o/(-36))*1. Suppose -14*z + 100 = -l*z. What is the remainder when z is divided by 7?
6
Suppose 12*p + 420 = -16*p. Suppose 0 = -2*f + 21 + 17. Let i = f + p. Calculate the remainder when 6 is divided by i.
2
Let o(l) = 8*l - 45. Let u(a) = -20*a + 112. Let h(f) = -12*o(f) - 5*u(f). Let c be h(20). Let b = -28 + c. What is the remainder when b is divided by 11?
10
Let x(i) = -2*i**3 + 33*i**2 - 12*i + 46. Calculate the remainder when 654 is divided by x(16).
104
Let u(h) = h**2. Let g = 346 + -343. Calculate the remainder when g is divided by u(-1).
0
Let d(i) = -i**3 - 2*i**2 - 64. What is the remainder when d(-7) is divided by 31?
26
Suppose 45*l - 40 = 275. Let s(i) be the third derivative of i**6/60 + i**5/30 - i**2. What is the remainder when s(2) is divided by l?
3
What is the remainder when 47 is divided by 3 - (10 + -8) - -38?
8
Suppose 31*k = 1678 + 89. What is the remainder when 132 is divided by k?
18
Suppose -6*w = -2*w - 668. Suppose 8*d + 4*d = 408. What is the remainder when w is divided by d?
31
Let x = -799 + 1051. Calculate the remainder when x is divided by 37.
30
Let l = 21 - 23. Let b(u) = -2*u**3 - 3